6171 a composite number?
True
Is 214693607 prime?
True
Is 129403931 prime?
True
Is 908143763 prime?
False
Is 2620085513 composite?
False
Is 38528533289 a prime number?
False
Is 14977409917 a prime number?
False
Is 39463901 a prime number?
True
Is 56425051391 composite?
True
Is 13449179797 composite?
False
Is 181040773 prime?
False
Is 512458027 a composite number?
False
Is 2148087941 a prime number?
True
Is 8056597 a prime number?
True
Is 38868546823 a composite number?
False
Is 33286856111 composite?
True
Is 602080763 prime?
False
Is 409814369 a composite number?
False
Is 1808270819 a composite number?
False
Is 12627286159 a prime number?
True
Is 58867968281 composite?
False
Is 604738031 a composite number?
False
Is 7313951 prime?
True
Is 1694461817 composite?
True
Is 11716664153 composite?
True
Is 2938673989 a prime number?
True
Is 572255863 a composite number?
False
Is 27965496749 composite?
True
Is 74943347 composite?
False
Is 125119037 a composite number?
False
Is 6512586349 composite?
True
Is 27724990459 a composite number?
True
Is 330370657 a prime number?
True
Is 1911625811 a prime number?
False
Is 2636544061 a composite number?
True
Is 3753417355 composite?
True
Is 9088278271 composite?
False
Is 404492755 a composite number?
True
Is 900979157 a composite number?
True
Is 234082440619 a prime number?
False
Is 15141863771 prime?
True
Is 1877921687 composite?
True
Is 2035574791 a prime number?
False
Is 38740187323 a prime number?
True
Is 535271713 a composite number?
False
Is 2159 composite?
True
Is 96685355489 composite?
False
Is 264841207 a prime number?
False
Is 11424365807 a prime number?
True
Is 3559855123 prime?
False
Is 61641170693 composite?
False
Is 80270747 a prime number?
True
Is 1358778979 a prime number?
True
Is 8856602137 a prime number?
False
Is 72100475539 composite?
False
Is 223331184471 a prime number?
False
Is 13288104241 a prime number?
True
Is 20819688731 a prime number?
True
Is 98214745 a composite number?
True
Is 6393793727 a prime number?
True
Is 175469933 prime?
True
Is 4531590542 prime?
False
Is 1909255027 composite?
True
Is 2981846473 a prime number?
True
Is 763849523 prime?
True
Is 341391257 a prime number?
False
Is 4005420833 a prime number?
False
Is 14927245877 a composite number?
True
Is 469460399 composite?
False
Is 140575687 a composite number?
True
Is 312491592943 composite?
True
Is 20625923 composite?
True
Is 900866159 prime?
False
Is 4498410661 a composite number?
True
Is 74718357823 a composite number?
True
Is 60402439447 composite?
True
Is 5057270657 a prime number?
False
Is 39798916771 composite?
False
Is 27520390901 prime?
False
Is 46051923443 a composite number?
True
Is 1621635107 a prime number?
False
Is 2024946097 a composite number?
True
Is 398911831 composite?
False
Is 267269314465 composite?
True
Is 602497997 a prime number?
False
Is 476039467 prime?
False
Is 9406934077 prime?
False
Is 9534733027 composite?
False
Is 1220137913 a prime number?
False
Is 12836162191 a prime number?
True
Is 89219738999 prime?
True
Is 882413227 composite?
False
Is 455759149 a prime number?
False
Is 221732587 a composite number?
False
Is 1062949343 a composite number?
False
Is 137817049 prime?
False
Is 25677879611 a composite number?
False
Is 92831573 a prime number?
True
Is 12924425341 prime?
False
Is 845260511 composite?
True
Is 1971935837 a composite number?
True
Is 2223215651 composite?
False
Is 30060557011 composite?
False
Is 188288173 prime?
False
Is 31346116369 prime?
True
Is 106462738279 a composite number?
True
Is 78958015819 composite?
False
Is 613776607 a composite number?
True
Is 24942597259 a composite number?
False
Is 19577409617 prime?
True
Is 103592520377 a composite number?
True
Is 105341877059 prime?
True
Is 1147377827 a composite number?
False
Is 321412139 prime?
True
Is 74180527801 composite?
True
Is 7263474209 composite?
False
Is 97073957 composite?
False
Is 12319690981 composite?
True
Is 104960147 a composite number?
False
Is 2176270259 prime?
False
Is 11045483429 prime?
True
Is 7563695017 prime?
True
Is 1144365263 composite?
False
Is 113921349 a prime number?
False
Is 1456302587 a prime number?
True
Is 402331621 prime?
False
Is 71272023265 composite?
True
Is 4894144093 a prime number?
False
Is 5292202939 a prime number?
False
Is 65255896229 prime?
True
Is 2887180663 prime?
False
Is 702068071 prime?
True
Is 5330686321 a composite number?
False
Is 48710213 prime?
False
Is 504704009 a prime number?
False
Is 744872189 composite?
False
Is 1179363599 composite?
False
Is 1279243963 composite?
False
Is 10106884393 a prime number?
False
Is 73167274883 composite?
False
Is 893113027 prime?
True
Is 4509489749 prime?
True
Is 440897167 composite?
True
Is 5569522727 composite?
True
Is 2450465657 composite?
True
Is 14733610159 prime?
False
Is 2123369461 a composite number?
True
Is 38497961771 composite?
True
Is 7974169361 a composite number?
True
Is 11150371 composite?
False
Is 191764187 a prime number?
True
Is 60369243527 prime?
False
Is 19447849273 a prime number?
True
Is 170861799397 a prime number?
True
Is 416600503 prime?
False
Is 2381997413 composite?
True
Is 3439535513 a composite number?
True
Is 31707852823 a prime number?
True
Is 1340730121 prime?
False
Is 135017921 a composite number?
True
Is 7448045699 prime?
True
Is 105655114417 composite?
False
Is 613204073 composite?
False
Is 2582549278 a prime number?
False
Is 2132838637 a prime number?
True
Is 2871910391 composite?
True
Is 3441506053 a prime number?
True
Is 30211990177 a composite number?
False
Is 2415676583 prime?
True
Is 51300643 composite?
False
Is 231319139 composite?
True
Is 4809985391 a composite number?
True
Is 7036940737 a prime number?
False
Is 160984711 composite?
False
Is 3347880797 a prime number?
False
Is 13887371263 prime?
False
Is 4021710853 prime?
True
Is 5582124193 a composite number?
False
Is 864546737 a prime number?
False
Is 49395006602 a prime number?
False
Is 1531269637 prime?
True
Is 6605308499 composite?
True
Is 1263032437 a composite number?
True
Is 6812612881 a composite number?
False
Is 74321948299 a composite number?
True
Is 1158421007 prime?
True
Is 1524385627 a composite number?
True
Is 137097463 a composite number?
True
Is 107056163 prime?
True
Is 40202025911 prime?
True
Is 72941501471 composite?
True
Is 124020587 a composite number?
False
Is 159244773 a prime number?
False
Is 303592633 a prime number?
True
Is 1086041129 a prime number?
True
Is 7841380213 composite?
True
Is 287553192149 a prime number?
False
Is 3250243793 a prime number?
True
Is 7544174513 composite?
False
Is 1246196967 prime?
False
Is 43560483671 prime?
False
Is 97939273 prime?
True
Is 1337615593 composite?
True
Is 9287814449 a composite number?
False
Is 7084763047 prime?
True
Is 7557122561 a composite number?
True
Is 3357464171 a composite number?
False
Is 50538923089 prime?
True
Is 221138429 prime?
True
Is 3435541121 prime?
True
Is 1425702529 composite?
False
Is 3020841169 a prime number?
False
Is 1931759969 a composite number?
True
Is 1442797991 a prime number?
False
Is 2232565879 a prime number?
True
Is 3860449883 composite?
True
Is 5649942491 a prime number?
True
Is 34023948811 prime?
True
Is 112078025447 composite?
False
Is 24506629253 a prime number?
True
Is 18638390747 composite?
True
Is 51833415659 a prime number?
True
Is 43824353701 prime?
True
Is 847768847 composite?
True
Is 29109151861 prime?
True
Is 625284017 a composite number?
True
Is 10226087833 a composite number?
True
Is 5246015129 composite?
True
Is 420421637 a composite number?
False
Is 2738572633 composite?
True
Is 1099393759 a prime number?
True
Is 135166066219 composite?
True
Is 247601729 composite?
False
Is 24097459 a prime number?
False
Is 6522227 a composite number?
False
Is 521553821 a prime number?
False
Is 95757056477 composite?
False
Is 18382454765 a prime number?
False
Is 13814364701 prime?
False
Is 1390030469 a prime number?
False
Is 320302085 a prime number?
False
Is 2224558961 a composite number?
True
Is 11320933831 a prime number?
True
Is 1508246219 a prime number?
True
Is 1208620313 a prime number?
True
Is 2342393813 composite?
True
Is 285564683 a prime number?
False
Is 33468494221 composite?
False
Is 2473280839 prime?
True
Is 2423245151 prime?
False
Is 24